What are the prime factors of 1280?
2, 5
List the prime factors of 3054.
2, 3, 509
What are the prime factors of 85?
5, 17
List the prime factors of 3311.
7, 11, 43
List the prime factors of 26106.
2, 3, 19, 229
List the prime factors of 441.
3, 7
List the prime factors of 22823.
29, 787
List the prime factors of 3732.
2, 3, 311
What are the prime factors of 157749?
3, 52583
What are the prime factors of 314?
2, 157
List the prime factors of 3974.
2, 1987
What are the prime factors of 46052?
2, 29, 397
What are the prime factors of 11691?
3, 433
List the prime factors of 9365.
5, 1873
List the prime factors of 109188.
2, 3, 337
What are the prime factors of 3962?
2, 7, 283
List the prime factors of 5315.
5, 1063
List the prime factors of 102073.
103, 991
What are the prime factors of 168693?
3, 7, 29, 277
What are the prime factors of 56245?
5, 7, 1607
List the prime factors of 5168.
2, 17, 19
List the prime factors of 85763.
139, 617
List the prime factors of 87460.
2, 5, 4373
List the prime factors of 90536.
2, 11317
What are the prime factors of 11461?
73, 157
List the prime factors of 4110.
2, 3, 5, 137
List the prime factors of 9886.
2, 4943
What are the prime factors of 17567?
11, 1597
What are the prime factors of 28823?
19, 37, 41
List the prime factors of 1109.
1109
List the prime factors of 14299.
79, 181
List the prime factors of 177.
3, 59
List the prime factors of 16309.
47, 347
What are the prime factors of 46451?
46451
What are the prime factors of 19397?
7, 17, 163
List the prime factors of 87852.
2, 3, 7321
List the prime factors of 6256.
2, 17, 23
What are the prime factors of 2565?
3, 5, 19
What are the prime factors of 4691?
4691
List the prime factors of 2161.
2161
List the prime factors of 2438.
2, 23, 53
What are the prime factors of 73697?
13, 5669
List the prime factors of 13665.
3, 5, 911
What are the prime factors of 2316?
2, 3, 193
List the prime factors of 8959.
17, 31
List the prime factors of 88556.
2, 13, 131
List the prime factors of 4247.
31, 137
What are the prime factors of 313?
313
List the prime factors of 8829.
3, 109
List the prime factors of 164766.
2, 3, 7, 3923
List the prime factors of 1144.
2, 11, 13
List the prime factors of 4463.
4463
What are the prime factors of 40540?
2, 5, 2027
List the prime factors of 537.
3, 179
List the prime factors of 86993.
86993
What are the prime factors of 215?
5, 43
List the prime factors of 3719.
3719
List the prime factors of 7382.
2, 3691
What are the prime factors of 1462?
2, 17, 43
What are the prime factors of 2802?
2, 3, 467
List the prime factors of 307.
307
What are the prime factors of 1329?
3, 443
List the prime factors of 10119.
3, 3373
What are the prime factors of 53791?
53791
What are the prime factors of 3304?
2, 7, 59
What are the prime factors of 3074?
2, 29, 53
List the prime factors of 10801.
7, 1543
List the prime factors of 171463.
277, 619
What are the prime factors of 130?
2, 5, 13
List the prime factors of 1609.
1609
What are the prime factors of 794?
2, 397
What are the prime factors of 785?
5, 157
What are the prime factors of 115935?
3, 5, 59, 131
List the prime factors of 1480.
2, 5, 37
List the prime factors of 348.
2, 3, 29
What are the prime factors of 14748?
2, 3, 1229
What are the prime factors of 1480?
2, 5, 37
What are the prime factors of 55079?
55079
What are the prime factors of 1599?
3, 13, 41
What are the prime factors of 3818?
2, 23, 83
List the prime factors of 1235.
5, 13, 19
List the prime factors of 983.
983
What are the prime factors of 5488?
2, 7
What are the prime factors of 1549?
1549
List the prime factors of 12138.
2, 3, 7, 17
What are the prime factors of 48678?
2, 3, 7, 19, 61
List the prime factors of 5095.
5, 1019
What are the prime factors of 8540?
2, 5, 7, 61
List the prime factors of 2137.
2137
List the prime factors of 1850.
2, 5, 37
What are the prime factors of 2412?
2, 3, 67
What are the prime factors of 780?
2, 3, 5, 13
What are the prime factors of 8344?
2, 7, 149
List the prime factors of 1057.
7, 151
List the prime factors of 779.
19, 41
What are the prime factors of 554?
2, 277
What are the prime factors of 36854?
2, 18427
List the prime factors of 931.
7, 19
What are the prime factors of 287?
7, 41
List the prime factors of 1233.
3, 137
List the prime factors of 1219.
23, 53
List the prime factors of 13891.
29, 479
List the prime factors of 290.
2, 5, 29
List the prime factors of 2115.
3, 5, 47
List the prime factors of 1390.
2, 5, 139
List the prime factors of 1631.
7, 233
List the prime factors of 9182.
2, 4591
List the prime factors of 85950.
2, 3, 5, 191
What are the prime factors of 3697?
3697
What are the prime factors of 237?
3, 79
What are the prime factors of 6845?
5, 37
What are the prime factors of 3286?
2, 31, 53
What are the prime factors of 63505?
5, 13, 977
What are the prime factors of 10700?
2, 5, 107
What are the prime factors of 14540?
2, 5, 727
List the prime factors of 24399.
3, 2711
What are the prime factors of 14070?
2, 3, 5, 7, 67
List the prime factors of 17648.
2, 1103
List the prime factors of 5349.
3, 1783
What are the prime factors of 826?
2, 7, 59
List the prime factors of 7172.
2, 11, 163
What are the prime factors of 2007?
3, 223
What are the prime factors of 14920?
2, 5, 373
What are the prime factors of 27928?
2, 3491
List the prime factors of 10274.
2, 11, 467
What are the prime factors of 5681?
13, 19, 23
List the prime factors of 21373.
11, 29, 67
List the prime factors of 5506.
2, 2753
List the prime factors of 891.
3, 11
List the prime factors of 10338.
2, 3, 1723
What are the prime factors of 983?
983
List the prime factors of 69562.
2, 34781
List the prime factors of 60322.
2, 30161
What are the prime factors of 11026?
2, 37, 149
What are the prime factors of 25588?
2, 6397
List the prime factors of 2871.
3, 11, 29
List the prime factors of 28255.
5, 5651
What are the prime factors of 2858?
2, 1429
List the prime factors of 15797.
15797
What are the prime factors of 197536?
2, 6173
What are the prime factors of 684?
2, 3, 19
List the prime factors of 1184.
2, 37
What are the prime factors of 12364?
2, 11, 281
What are the prime factors of 1544?
2, 193
What are the prime factors of 1918?
2, 7, 137
What are the prime factors of 6179?
37, 167
List the prime factors of 1601.
1601
What are the prime factors of 1595?
5, 11, 29
List the prime factors of 565.
5, 113
What are the prime factors of 572?
2, 11, 13
List the prime factors of 31553.
139, 227
List the prime factors of 9365.
5, 1873
List the prime factors of 1666.
2, 7, 17
List the prime factors of 4539.
3, 17, 89
What are the prime factors of 1621?
1621
What are the prime factors of 6995?
5, 1399
List the prime factors of 214.
2, 107
What are the prime factors of 2794?
2, 11, 127
List the prime factors of 1194.
2, 3, 199
List the prime factors of 11194.
2, 29, 193
List the prime factors of 1570.
2, 5, 157
List the prime factors of 3893.
17, 229
List the prime factors of 15260.
2, 5, 7, 109
What are the prime factors of 11128?
2, 13, 107
What are the prime factors of 15726?
2, 3, 2621
List the prime factors of 119399.
7, 37, 461
List the prime factors of 63179.
63179
What are the prime factors of 9598?
2, 4799
List the prime factors of 9241.
9241
What are the prime factors of 372?
2, 3, 31
What are the prime factors of 4532?
2, 11, 103
What are the prime factors of 98704?
2, 31, 199
What are the prime factors of 28281?
3, 11, 857
What are the prime factors of 5666?
2, 2833
What are the prime factors of 638?
2, 11, 29
What are the prime factors of 2032?
2, 127
What are the prime factors of 715?
5, 11, 13
List the prime factors of 27431.
27431
What are the prime factors of 1455?
3, 5, 97
List the prime factors of 5576.
2, 17, 41
What are the prime factors of 18800?
2, 5, 47
What are the prime factors of 1210?
2, 5, 11
List the prime factors of 3680.
2, 5, 23
List the prime factors of 7737.
3, 2579
What are the prime factors of 31057?
13, 2389
List the prime factors of 115092.
2, 3, 23, 139
List the prime factors of 46243.
131, 353
List the prime factors of 5081.
5081
List the prime factors of 9114.
2, 3, 7, 31
What are the prime factors of 3017?
7, 431
List the prime factors of 204.
2, 3, 17
List the pri